f 54895?
5, 10979
List the prime factors of 171242.
2, 85621
List the prime factors of 5242.
2, 2621
What are the prime factors of 11?
11
What are the prime factors of 63515?
5, 12703
List the prime factors of 2871.
3, 11, 29
List the prime factors of 93078.
2, 3, 5171
What are the prime factors of 3818?
2, 23, 83
What are the prime factors of 1515?
3, 5, 101
What are the prime factors of 84835?
5, 19, 47
List the prime factors of 107129.
11, 9739
What are the prime factors of 2043?
3, 227
What are the prime factors of 32592?
2, 3, 7, 97
List the prime factors of 89.
89
List the prime factors of 12522.
2, 3, 2087
List the prime factors of 951.
3, 317
What are the prime factors of 2419?
41, 59
What are the prime factors of 4861?
4861
What are the prime factors of 1166?
2, 11, 53
List the prime factors of 21444.
2, 3, 1787
What are the prime factors of 8317?
8317
List the prime factors of 11626.
2, 5813
What are the prime factors of 8535?
3, 5, 569
What are the prime factors of 21376?
2, 167
What are the prime factors of 20083?
7, 19, 151
What are the prime factors of 20838?
2, 3, 23, 151
List the prime factors of 3309.
3, 1103
List the prime factors of 9291.
3, 19, 163
What are the prime factors of 6927?
3, 2309
What are the prime factors of 525?
3, 5, 7
What are the prime factors of 81629?
81629
List the prime factors of 517.
11, 47
What are the prime factors of 739?
739
What are the prime factors of 1147?
31, 37
What are the prime factors of 86756?
2, 23, 41
List the prime factors of 2718.
2, 3, 151
List the prime factors of 8088.
2, 3, 337
What are the prime factors of 782?
2, 17, 23
What are the prime factors of 73902?
2, 3, 109, 113
What are the prime factors of 61970?
2, 5, 6197
What are the prime factors of 3623?
3623
List the prime factors of 7138.
2, 43, 83
What are the prime factors of 40753?
83, 491
What are the prime factors of 1686?
2, 3, 281
What are the prime factors of 18047?
18047
List the prime factors of 1029.
3, 7
What are the prime factors of 2073?
3, 691
List the prime factors of 32875.
5, 263
List the prime factors of 33119.
33119
What are the prime factors of 28989?
3, 3221
What are the prime factors of 48338?
2, 24169
What are the prime factors of 96204?
2, 3, 8017
What are the prime factors of 4733?
4733
What are the prime factors of 140338?
2, 11, 6379
List the prime factors of 1907.
1907
What are the prime factors of 49283?
13, 17, 223
What are the prime factors of 1758?
2, 3, 293
What are the prime factors of 4533?
3, 1511
List the prime factors of 162780.
2, 3, 5, 2713
List the prime factors of 3490.
2, 5, 349
List the prime factors of 7266.
2, 3, 7, 173
What are the prime factors of 53484?
2, 3, 4457
What are the prime factors of 43641?
3, 13, 373
What are the prime factors of 11217?
3, 3739
What are the prime factors of 781?
11, 71
List the prime factors of 10626.
2, 3, 7, 11, 23
List the prime factors of 16617.
3, 29, 191
What are the prime factors of 603?
3, 67
List the prime factors of 1820.
2, 5, 7, 13
List the prime factors of 3980.
2, 5, 199
What are the prime factors of 46805?
5, 11, 23, 37
List the prime factors of 3611.
23, 157
List the prime factors of 72551.
72551
List the prime factors of 3862.
2, 1931
What are the prime factors of 27229?
73, 373
What are the prime factors of 1597?
1597
What are the prime factors of 254?
2, 127
What are the prime factors of 112406?
2, 7, 31, 37
List the prime factors of 137132.
2, 34283
What are the prime factors of 1629?
3, 181
What are the prime factors of 40691?
7, 5813
List the prime factors of 16416.
2, 3, 19
List the prime factors of 889.
7, 127
What are the prime factors of 349?
349
What are the prime factors of 1035?
3, 5, 23
What are the prime factors of 12595?
5, 11, 229
What are the prime factors of 26651?
29, 919
List the prime factors of 10396.
2, 23, 113
List the prime factors of 911.
911
List the prime factors of 2437.
2437
List the prime factors of 886.
2, 443
List the prime factors of 50818.
2, 25409
List the prime factors of 927.
3, 103
List the prime factors of 1796.
2, 449
List the prime factors of 2207.
2207
What are the prime factors of 12497?
12497
List the prime factors of 151.
151
What are the prime factors of 14473?
41, 353
List the prime factors of 31837.
13, 31, 79
What are the prime factors of 4690?
2, 5, 7, 67
List the prime factors of 2302.
2, 1151
What are the prime factors of 4078?
2, 2039
What are the prime factors of 23832?
2, 3, 331
List the prime factors of 19219.
19219
What are the prime factors of 933?
3, 311
What are the prime factors of 66650?
2, 5, 31, 43
What are the prime factors of 3617?
3617
What are the prime factors of 302?
2, 151
List the prime factors of 39429.
3, 13, 337
List the prime factors of 35530.
2, 5, 11, 17, 19
What are the prime factors of 1251?
3, 139
What are the prime factors of 2502?
2, 3, 139
What are the prime factors of 11463?
3, 3821
What are the prime factors of 307?
307
List the prime factors of 196.
2, 7
List the prime factors of 1111.
11, 101
List the prime factors of 30762.
2, 3, 1709
List the prime factors of 8990.
2, 5, 29, 31
What are the prime factors of 90?
2, 3, 5
What are the prime factors of 23972?
2, 13, 461
What are the prime factors of 186202?
2, 157, 593
List the prime factors of 20662.
2, 10331
What are the prime factors of 987?
3, 7, 47
List the prime factors of 56010.
2, 3, 5, 1867
List the prime factors of 4085.
5, 19, 43
List the prime factors of 606.
2, 3, 101
List the prime factors of 2437.
2437
What are the prime factors of 1487?
1487
List the prime factors of 1956.
2, 3, 163
List the prime factors of 9588.
2, 3, 17, 47
List the prime factors of 6427.
6427
What are the prime factors of 40116?
2, 3, 3343
List the prime factors of 11536.
2, 7, 103
List the prime factors of 1739.
37, 47
List the prime factors of 81075.
3, 5, 23, 47
What are the prime factors of 24093?
3, 2677
What are the prime factors of 5160?
2, 3, 5, 43
What are the prime factors of 1334?
2, 23, 29
List the prime factors of 67286.
2, 17, 1979
List the prime factors of 94946.
2, 29, 1637
List the prime factors of 612.
2, 3, 17
What are the prime factors of 466?
2, 233
List the prime factors of 635.
5, 127
What are the prime factors of 879?
3, 293
What are the prime factors of 23673?
3, 13, 607
What are the prime factors of 2337?
3, 19, 41
What are the prime factors of 620?
2, 5, 31
List the prime factors of 3340.
2, 5, 167
List the prime factors of 10229.
53, 193
List the prime factors of 1264.
2, 79
List the prime factors of 3611.
23, 157
What are the prime factors of 1367?
1367
List the prime factors of 88508.
2, 7, 29, 109
What are the prime factors of 85510?
2, 5, 17, 503
What are the prime factors of 25103?
13, 1931
List the prime factors of 1556.
2, 389
List the prime factors of 31940.
2, 5, 1597
What are the prime factors of 2219?
7, 317
What are the prime factors of 11044?
2, 11, 251
What are the prime factors of 8785?
5, 7, 251
List the prime factors of 30717.
3, 3413
List the prime factors of 11454.
2, 3, 23, 83
What are the prime factors of 4677?
3, 1559
List the prime factors of 27354.
2, 3, 47, 97
What are the prime factors of 813?
3, 271
List the prime factors of 36452.
2, 13, 701
What are the prime factors of 13236?
2, 3, 1103
What are the prime factors of 13012?
2, 3253
List the prime factors of 19571.
19571
List the prime factors of 18496.
2, 17
List the prime factors of 3319.
3319
What are the prime factors of 20410?
2, 5, 13, 157
List the prime factors of 4513.
4513
List the prime factors of 18357.
3, 29, 211
List the prime factors of 153.
3, 17
List the prime factors of 3042.
2, 3, 13
List the prime factors of 585.
3, 5, 13
List the prime factors of 1169.
7, 167
What are the prime factors of 10801?
7, 1543
What are the prime factors of 301?
7, 43
What are the prime factors of 42298?
2, 21149
What are the prime factors of 849?
3, 283
What are the prime factors of 2175?
3, 5, 29
List the prime factors of 11425.
5, 457
What are the prime factors of 17868?
2, 3, 1489
List the prime factors of 3549.
3, 7, 13
What are the prime factors of 582?
2, 3, 97
What are the prime factors of 111863?
111863
What are the prime factors of 428?
2, 107
What are the prime factors of 1844?
2, 461
What are th